{"id":175,"date":"2026-01-26T16:38:11","date_gmt":"2026-01-26T16:38:11","guid":{"rendered":"https:\/\/en-action-deville.fr\/?page_id=175"},"modified":"2026-02-09T15:46:42","modified_gmt":"2026-02-09T15:46:42","slug":"notre-bilan","status":"publish","type":"page","link":"https:\/\/en-action-deville.fr\/index.php\/notre-bilan\/","title":{"rendered":""},"content":{"rendered":"\n<h2 class=\"wp-block-heading\">\u00c9ducation &amp; Enfance : au c\u0153ur de nos engagements<\/h2>\n\n\n\n<p style=\"text-transform:none\">De la petite enfance \u00e0 l\u2019\u00e9cole, nous \u0153uvrons chaque jour pour offrir \u00e0 chaque enfant un parcours \u00e9ducatif de qualit\u00e9, fond\u00e9 sur le bien-\u00eatre et l\u2019\u00e9galit\u00e9 des chances. Nous accompagnons les familles, soutenons les professionnels et adaptons nos actions aux enjeux \u00e9ducatifs d\u2019aujourd\u2019hui et de demain.<\/p>\n\n\n\n<div class=\"wp-block-media-text is-stacked-on-mobile\" style=\"grid-template-columns:29% auto\"><figure class=\"wp-block-media-text__media\"><img loading=\"lazy\" decoding=\"async\" width=\"1024\" height=\"1024\" src=\"https:\/\/en-action-deville.fr\/wp-content\/uploads\/2026\/01\/1-1024x1024.png\" alt=\"\" class=\"wp-image-176 size-full\" srcset=\"https:\/\/en-action-deville.fr\/wp-content\/uploads\/2026\/01\/1-1024x1024.png 1024w, https:\/\/en-action-deville.fr\/wp-content\/uploads\/2026\/01\/1-300x300.png 300w, https:\/\/en-action-deville.fr\/wp-content\/uploads\/2026\/01\/1-150x150.png 150w, https:\/\/en-action-deville.fr\/wp-content\/uploads\/2026\/01\/1-768x768.png 768w, https:\/\/en-action-deville.fr\/wp-content\/uploads\/2026\/01\/1.png 1080w\" sizes=\"auto, (max-width: 1024px) 100vw, 1024px\" \/><\/figure><div class=\"wp-block-media-text__content\">\n<p style=\"text-transform:none\">La formation et le num\u00e9rique occupent une place centrale, avec le d\u00e9ploiement d\u2019un plan num\u00e9rique dans toutes les \u00e9coles pour d\u00e9velopper de nouvelles comp\u00e9tences p\u00e9dagogiques.<\/p>\n\n\n\n<p style=\"text-transform:none\">Nous renfor\u00e7ons \u00e9galement l\u2019\u00e9ducation \u00e0 l\u2019environnement, \u00e0 la citoyennet\u00e9 et au go\u00fbt, notamment gr\u00e2ce \u00e0 une restauration collective de qualit\u00e9 et \u00e0 des rencontres interg\u00e9n\u00e9rationnelles, v\u00e9ritables vecteurs de lien social.<\/p>\n\n\n\n<p style=\"text-transform:none\">Le bien-\u00eatre et les savoirs fondamentaux sont encourag\u00e9s \u00e0 travers le <em>savoir nager<\/em> \u00e0 la piscine municipale, le <em>savoir lire<\/em> avec la m\u00e9diath\u00e8que et le <em>savoir bouger<\/em> gr\u00e2ce aux interventions sportives dans les \u00e9coles et aux actions men\u00e9es avec l\u2019USEP.<\/p>\n<\/div><\/div>\n\n\n\n<div class=\"wp-block-media-text has-media-on-the-right is-stacked-on-mobile\" style=\"grid-template-columns:auto 26%\"><div class=\"wp-block-media-text__content\">\n<p style=\"text-transform:none\">Une attention particuli\u00e8re est port\u00e9e aux \u00e9coles : s\u00e9curisation et v\u00e9g\u00e9talisation \u00e0 l\u2019\u00e9cole Rousseau, cour repens\u00e9e et plus naturelle \u00e0 l\u2019\u00e9cole Cr\u00e9tay, pour des espaces adapt\u00e9s aux enfants.<\/p>\n\n\n\n<p style=\"text-transform:none\"> Enfin, l\u2019accompagnement des familles et des professionnels de la petite enfance reste essentiel, gr\u00e2ce au relais petite enfance et aux ateliers d\u2019\u00e9veil propos\u00e9s trois fois par semaine.<\/p>\n\n\n\n<p style=\"text-transform:none\">Grandir, apprendre et s\u2019\u00e9panouir ensemble.<\/p>\n<\/div><figure class=\"wp-block-media-text__media\"><img loading=\"lazy\" decoding=\"async\" width=\"1024\" height=\"1024\" src=\"https:\/\/en-action-deville.fr\/wp-content\/uploads\/2026\/01\/6-1024x1024.png\" alt=\"\" class=\"wp-image-180 size-full\" srcset=\"https:\/\/en-action-deville.fr\/wp-content\/uploads\/2026\/01\/6-1024x1024.png 1024w, https:\/\/en-action-deville.fr\/wp-content\/uploads\/2026\/01\/6-300x300.png 300w, https:\/\/en-action-deville.fr\/wp-content\/uploads\/2026\/01\/6-150x150.png 150w, https:\/\/en-action-deville.fr\/wp-content\/uploads\/2026\/01\/6-768x768.png 768w, https:\/\/en-action-deville.fr\/wp-content\/uploads\/2026\/01\/6.png 1080w\" sizes=\"auto, (max-width: 1024px) 100vw, 1024px\" \/><\/figure><\/div>\n\n\n\n<h2 class=\"wp-block-heading\" style=\"text-transform:none\">D\u00e9ville, un territoire qui se transforme pour mieux vivre ensemble<\/h2>\n\n\n\n<div class=\"wp-block-media-text is-stacked-on-mobile\" style=\"grid-template-columns:25% auto\"><figure class=\"wp-block-media-text__media\"><img loading=\"lazy\" decoding=\"async\" width=\"1024\" height=\"1024\" src=\"https:\/\/en-action-deville.fr\/wp-content\/uploads\/2026\/02\/1-1024x1024.png\" alt=\"\" class=\"wp-image-185 size-full\" srcset=\"https:\/\/en-action-deville.fr\/wp-content\/uploads\/2026\/02\/1-1024x1024.png 1024w, https:\/\/en-action-deville.fr\/wp-content\/uploads\/2026\/02\/1-300x300.png 300w, https:\/\/en-action-deville.fr\/wp-content\/uploads\/2026\/02\/1-150x150.png 150w, https:\/\/en-action-deville.fr\/wp-content\/uploads\/2026\/02\/1-768x768.png 768w, https:\/\/en-action-deville.fr\/wp-content\/uploads\/2026\/02\/1.png 1080w\" sizes=\"auto, (max-width: 1024px) 100vw, 1024px\" \/><\/figure><div class=\"wp-block-media-text__content\">\n<p style=\"text-transform:none\">La collectivit\u00e9 poursuit une politique ambitieuse d\u2019urbanisme et d\u2019am\u00e9nagement du territoire, visant \u00e0 am\u00e9liorer durablement le cadre de vie tout en accompagnant le d\u00e9veloppement \u00e9conomique et la transition \u00e9cologique.<\/p>\n\n\n\n<p>Les reconversions des anciennes friches industrielles se poursuivent et arrivent, pour certaines, \u00e0 leur aboutissement. C\u2019est notamment le cas sur la ZAC des Rives de la Clairette et sur le site de l\u2019Asturienne de Penamet, t\u00e9moignant d\u2019une volont\u00e9 forte de redonner vie \u00e0 des espaces longtemps inoccup\u00e9s.<\/p>\n\n\n\n<p style=\"text-transform:none\">La transformation du site Carrefour s\u2019inscrit \u00e9galement dans cette dynamique, avec la reconstruction d\u2019un nouveau magasin moderne, contribuant au dynamisme commercial et \u00e0 l\u2019attractivit\u00e9 du territoire.<\/p>\n<\/div><\/div>\n\n\n\n<div class=\"wp-block-media-text has-media-on-the-right is-stacked-on-mobile\" style=\"grid-template-columns:auto 25%\"><div class=\"wp-block-media-text__content\">\n<p style=\"text-transform:none\">Le site Vallourec fait quant \u00e0 lui l\u2019objet d\u2019un projet de reconversion majeur, conforme aux orientations port\u00e9es par la collectivit\u00e9. Celui-ci pr\u00e9voit le maintien d\u2019activit\u00e9s \u00e9conomiques, la cr\u00e9ation d\u2019emplois \u00e0 terme, la r\u00e9ouverture du Cailly et une place accrue accord\u00e9e \u00e0 la nature. Dans ce cadre, Vinci Immobilier engage la transformation de 13 hectares en p\u00f4le d\u2019activit\u00e9s \u00e9conomiques, avec des b\u00e2timents cl\u00e9s en main destin\u00e9s \u00e0 accueillir de nouvelles entreprises, tout en pr\u00e9servant 25 % de la surface en espaces verts.<\/p>\n\n\n\n<p style=\"text-transform:none\">Parall\u00e8lement, la modernisation des b\u00e2timents publics s\u2019est poursuivie afin d\u2019am\u00e9liorer leur accessibilit\u00e9 et leur performance \u00e9nerg\u00e9tique. Un important soutien financier a \u00e9galement \u00e9t\u00e9 apport\u00e9 aux bailleurs sociaux pour achever le programme d\u2019isolation de l\u2019ensemble des logements sociaux de la commune, dans une d\u00e9marche respectueuse de l\u2019environnement, sans tours ni barres d\u2019immeubles et en veillant \u00e0 la place des espaces verts.<\/p>\n<\/div><figure class=\"wp-block-media-text__media\"><img loading=\"lazy\" decoding=\"async\" width=\"1024\" height=\"1024\" src=\"https:\/\/en-action-deville.fr\/wp-content\/uploads\/2026\/02\/8-1024x1024.png\" alt=\"\" class=\"wp-image-186 size-full\" srcset=\"https:\/\/en-action-deville.fr\/wp-content\/uploads\/2026\/02\/8-1024x1024.png 1024w, https:\/\/en-action-deville.fr\/wp-content\/uploads\/2026\/02\/8-300x300.png 300w, https:\/\/en-action-deville.fr\/wp-content\/uploads\/2026\/02\/8-150x150.png 150w, https:\/\/en-action-deville.fr\/wp-content\/uploads\/2026\/02\/8-768x768.png 768w, https:\/\/en-action-deville.fr\/wp-content\/uploads\/2026\/02\/8.png 1080w\" sizes=\"auto, (max-width: 1024px) 100vw, 1024px\" \/><\/figure><\/div>\n\n\n\n<p style=\"text-transform:none\">Enfin, de nombreux am\u00e9nagements urbains ont \u00e9t\u00e9 r\u00e9alis\u00e9s afin de faciliter les d\u00e9placements du quotidien et d\u2019am\u00e9liorer le cadre de vie des habitants. L\u2019ouverture d\u2019un nouveau parc urbain en 2024 constitue un projet embl\u00e9matique : il a permis la renaturation d\u2019une ancienne friche, la mise en valeur des rivi\u00e8res, la pr\u00e9servation de la biodiversit\u00e9 et la cr\u00e9ation d\u2019espaces de jeux, de d\u00e9tente et de promenade accessibles \u00e0 tous, enrichis d\u2019un parcours p\u00e9dagogique.<\/p>\n\n\n\n<p style=\"text-transform:none\">\u00c0 travers ces actions, D\u00e9ville affirme sa volont\u00e9 de construire un territoire \u00e9quilibr\u00e9, attractif et durable, pens\u00e9 pour le bien-\u00eatre de ses habitants, aujourd\u2019hui comme demain.<\/p>\n\n\n\n<h2 class=\"wp-block-heading\" style=\"text-transform:none\">Des espaces de partage, de cr\u00e9ation et de convivialit\u00e9 pour tous<\/h2>\n\n\n\n<div class=\"wp-block-media-text is-stacked-on-mobile\" style=\"grid-template-columns:28% auto\"><figure class=\"wp-block-media-text__media\"><img loading=\"lazy\" decoding=\"async\" width=\"1024\" height=\"1024\" src=\"https:\/\/en-action-deville.fr\/wp-content\/uploads\/2026\/02\/1-1-1024x1024.png\" alt=\"\" class=\"wp-image-190 size-full\" srcset=\"https:\/\/en-action-deville.fr\/wp-content\/uploads\/2026\/02\/1-1-1024x1024.png 1024w, https:\/\/en-action-deville.fr\/wp-content\/uploads\/2026\/02\/1-1-300x300.png 300w, https:\/\/en-action-deville.fr\/wp-content\/uploads\/2026\/02\/1-1-150x150.png 150w, https:\/\/en-action-deville.fr\/wp-content\/uploads\/2026\/02\/1-1-768x768.png 768w, https:\/\/en-action-deville.fr\/wp-content\/uploads\/2026\/02\/1-1.png 1080w\" sizes=\"auto, (max-width: 1024px) 100vw, 1024px\" \/><\/figure><div class=\"wp-block-media-text__content\">\n<p style=\"text-transform:none\">La culture, le sport et les loisirs constituent des piliers essentiels de la vie locale. \u00c0 travers des \u00e9quipements structurants, des projets ambitieux et une programmation riche et accessible, la commune affirme sa volont\u00e9 de proposer \u00e0 tous des espaces de rencontre, de cr\u00e9ation et de convivialit\u00e9, favorisant le lien social et le vivre-ensemble.<\/p>\n\n\n\n<p style=\"text-transform:none\">Le projet du nouveau <strong>Centre culturel Voltaire<\/strong> s\u2019inscrit pleinement dans cette dynamique. Situ\u00e9 en plein c\u0153ur de ville, il comprendra une salle de spectacle et un restaurant, offrant ainsi un v\u00e9ritable lieu de vie d\u00e9di\u00e9 \u00e0 la culture. Ce nouvel \u00e9quipement continuera \u00e0 soutenir la vie culturelle locale en s\u2019adressant aux scolaires, aux associations et aux services culturels de la commune, tout en promouvant la diversit\u00e9 et l\u2019innovation artistique.<\/p>\n\n\n\n<p style=\"text-transform:none\">La r\u00e9novation du Logis est aujourd\u2019hui achev\u00e9e et a permis la mise en place d\u2019une r\u00e9sidence d\u2019artistes. Cette dynamique culturelle a notamment \u00e9t\u00e9 illustr\u00e9e par le travail de l\u2019artiste Sidonie Bilger, dont les fusains ont marqu\u00e9 l\u2019espace public \u00e0 travers des dessins en ville et une fresque r\u00e9alis\u00e9e \u00e0 la Maison des arts. La cour de la Maison des arts a par ailleurs \u00e9t\u00e9 r\u00e9am\u00e9nag\u00e9e, laissant une large place \u00e0 la v\u00e9g\u00e9tation et int\u00e9grant un amphith\u00e9\u00e2tre destin\u00e9 aux spectacles en plein air.<\/p>\n<\/div><\/div>\n\n\n\n<div class=\"wp-block-media-text has-media-on-the-right is-stacked-on-mobile\" style=\"grid-template-columns:auto 24%\"><div class=\"wp-block-media-text__content\">\n<p style=\"text-transform:none\">Le sport occupe \u00e9galement une place centrale dans la vie locale. Football, handball, basketball, judo, p\u00e9tanque et de nombreuses autres disciplines t\u00e9moignent du dynamisme sportif de la commune. Gr\u00e2ce \u00e0 des \u00e9quipements de qualit\u00e9 et \u00e0 un soutien constant aux associations, la ville favorise la pratique sportive pour tous les \u00e2ges. Le sport est ainsi un vecteur essentiel de partage, de solidarit\u00e9 et de lien entre les g\u00e9n\u00e9rations.<\/p>\n\n\n\n<p style=\"text-transform:none\">La piscine municipale <strong>Christine Caron<\/strong> constitue un \u00e9quipement structurant particuli\u00e8rement appr\u00e9ci\u00e9 des habitants. Elle permet notamment \u00e0 l\u2019ensemble des \u00e9l\u00e8ves des \u00e9coles \u00e9l\u00e9mentaires de b\u00e9n\u00e9ficier d\u2019un apprentissage de la natation dans des conditions optimales, contribuant \u00e0 la s\u00e9curit\u00e9 des enfants et \u00e0 l\u2019\u00e9galit\u00e9 d\u2019acc\u00e8s \u00e0 la pratique sportive.<\/p>\n\n\n\n<p style=\"text-transform:none\">Tout au long de l\u2019ann\u00e9e, de nombreux \u00e9v\u00e9nements culturels, festifs et solidaires rythment la vie de la commune. La Maison des arts et de la musique, les expositions et ateliers, ainsi que les temps forts tels que la F\u00eate de No\u00ebl, la Saint-Sim\u00e9on ou la Semaine Bleue, rassemblent toutes les g\u00e9n\u00e9rations. La commune s\u2019engage \u00e9galement dans des actions solidaires majeures, comme le T\u00e9l\u00e9thon, la Banque alimentaire ou Octobre Rose, participant activement \u00e0 faire de la ville un territoire dynamique, solidaire et convivial.<\/p>\n<\/div><figure class=\"wp-block-media-text__media\"><img loading=\"lazy\" decoding=\"async\" width=\"1024\" height=\"1024\" src=\"https:\/\/en-action-deville.fr\/wp-content\/uploads\/2026\/02\/7-1024x1024.png\" alt=\"\" class=\"wp-image-192 size-full\" srcset=\"https:\/\/en-action-deville.fr\/wp-content\/uploads\/2026\/02\/7-1024x1024.png 1024w, https:\/\/en-action-deville.fr\/wp-content\/uploads\/2026\/02\/7-300x300.png 300w, https:\/\/en-action-deville.fr\/wp-content\/uploads\/2026\/02\/7-150x150.png 150w, https:\/\/en-action-deville.fr\/wp-content\/uploads\/2026\/02\/7-768x768.png 768w, https:\/\/en-action-deville.fr\/wp-content\/uploads\/2026\/02\/7.png 1080w\" sizes=\"auto, (max-width: 1024px) 100vw, 1024px\" \/><\/figure><\/div>\n\n\n<div class=\"_df_book df-lite\" id=\"df_207\"  _slug=\"bilan\" data-title=\"bilan\" wpoptions=\"true\" thumbtype=\"\" ><\/div><script class=\"df-shortcode-script\" nowprocket type=\"application\/javascript\">window.option_df_207 = {\"outline\":[],\"autoEnableOutline\":\"false\",\"autoEnableThumbnail\":\"false\",\"overwritePDFOutline\":\"false\",\"direction\":\"1\",\"pageSize\":\"0\",\"source\":\"https:\\\/\\\/en-action-deville.fr\\\/wp-content\\\/uploads\\\/2026\\\/02\\\/bilan-definitif-web.pdf\",\"wpOptions\":\"true\"}; if(window.DFLIP && window.DFLIP.parseBooks){window.DFLIP.parseBooks();}<\/script>\n","protected":false},"excerpt":{"rendered":"<p>\u00c9ducation &amp; Enfance : au c\u0153ur de nos engagements De la petite enfance \u00e0 l\u2019\u00e9cole, nous \u0153uvrons chaque jour pour offrir \u00e0 chaque enfant un parcours \u00e9ducatif de qualit\u00e9, fond\u00e9 sur le bien-\u00eatre et l\u2019\u00e9galit\u00e9 des chances. Nous accompagnons les familles, soutenons les professionnels et adaptons nos actions aux enjeux \u00e9ducatifs d\u2019aujourd\u2019hui et de demain. [&hellip;]<\/p>\n","protected":false},"author":1,"featured_media":0,"parent":0,"menu_order":0,"comment_status":"closed","ping_status":"closed","template":"","meta":{"footnotes":""},"class_list":["post-175","page","type-page","status-publish","hentry"],"jetpack_sharing_enabled":true,"_links":{"self":[{"href":"https:\/\/en-action-deville.fr\/index.php\/wp-json\/wp\/v2\/pages\/175","targetHints":{"allow":["GET"]}}],"collection":[{"href":"https:\/\/en-action-deville.fr\/index.php\/wp-json\/wp\/v2\/pages"}],"about":[{"href":"https:\/\/en-action-deville.fr\/index.php\/wp-json\/wp\/v2\/types\/page"}],"author":[{"embeddable":true,"href":"https:\/\/en-action-deville.fr\/index.php\/wp-json\/wp\/v2\/users\/1"}],"replies":[{"embeddable":true,"href":"https:\/\/en-action-deville.fr\/index.php\/wp-json\/wp\/v2\/comments?post=175"}],"version-history":[{"count":8,"href":"https:\/\/en-action-deville.fr\/index.php\/wp-json\/wp\/v2\/pages\/175\/revisions"}],"predecessor-version":[{"id":210,"href":"https:\/\/en-action-deville.fr\/index.php\/wp-json\/wp\/v2\/pages\/175\/revisions\/210"}],"wp:attachment":[{"href":"https:\/\/en-action-deville.fr\/index.php\/wp-json\/wp\/v2\/media?parent=175"}],"curies":[{"name":"wp","href":"https:\/\/api.w.org\/{rel}","templated":true}]}}